+ 6*s + 1. Suppose -4*k - 4*x + 100 = 0, 0 = 2*k + k - 2*x - 50. Let v = k + -16. Suppose 12 = 6*n - v*n. What is d(n)?
1
Let a be 5*(-7)/70 + 12/8. Let o(d) = -21*d - 1. Calculate o(a).
-22
Let d = -23/39 - -473/780. Let l(j) be the third derivative of d*j**5 + 1/3*j**3 + 0*j + 1/12*j**4 + 0 + 9*j**2. Give l(-3).
5
Let p(q) = q**2 + 2*q. Let l(r) = 6*r**2 + 6*r**2 - r - 13*r**2. Let d(z) = -3*l(z) - 2*p(z). Give d(1).
0
Let g(l) = l - 2. Let t(u) = -5*u + 5. Let m(z) = 4*g(z) + t(z). Calculate m(-5).
2
Let c(q) be the second derivative of 3*q + 5/12*q**4 + 0 + 0*q**3 + 0*q**2 - 1/15*q**5 + 1/720*q**6. Let m(g) be the third derivative of c(g). Calculate m(6).
-2
Let z(d) = -4 + 4 - 5*d - 4 + 6*d. Determine z(-5).
-9
Let x(l) be the second derivative of -l**4/12 - 5*l**3/2 - 19*l**2/2 + 66*l. Calculate x(-13).
7
Suppose 0 = -3*n + 2*n + 35. Let p be 196/n - (-4)/10. Suppose p*k - 1 + 37 = 0. Let d(u) = u**3 + 7*u**2 + 6*u + 7. Calculate d(k).
7
Let t(a) = -a + 14. Let r(h) = -h**3 - h**2 + 42*h - 6. Let z be r(6). What is t(z)?
20
Let x(v) = -6*v - 11. Let y(z) = 5*z + 10. Let a(m) = -6*x(m) - 7*y(m). Let n(u) = -u**2 - 3*u + 3. Let d be n(-3). Let b = 7 - d. Give a(b).
0
Let g(w) = -w + 9. Suppose 2*i + 3 = i + u, 2*u - 6 = -4*i. Let p = 1 + 3. Let t be ((-6)/p)/3*i. Calculate g(t).
9
Let l(g) = g**3 - 4*g**2 + 3*g - 14. Let d be l(5). Let z(u) = 35*u - d*u - 15*u - 4. Determine z(-3).
14
Let b = 3 + 5. Suppose -3*s = -6, -4*s = -5*l + l - b. Let i(z) = z - 21. Give i(l).
-21
Let c(t) = 26*t + 36. Let p(g) = 5*g + 7. Let l(q) = 3*c(q) - 16*p(q). Let s be 2 + -4 + 3 - -14. Let h = s - 20. Give l(h).
6
Let o(f) = 2*f - 1 - 2*f**3 - 7*f**3 - f**2 - 4*f**3. Suppose -u - 5*y - 12 = -52, -2*y = -u + 19. Suppose -22*m - 3 = -u*m. Determine o(m).
-13
Let p(r) be the second derivative of -r**3/3 - 6*r**2 + 2*r - 22. Give p(-7).
2
Suppose -4*x - 3*v = -16, -4*v - 20 = 4*x - 9*x. Suppose x*g - 257 = 23. Let s be (6/(-7))/((-15)/g). Let r(j) = j**2 - 3*j + 6. Calculate r(s).
10
Let s(d) be the first derivative of -3*d**2/2 - 33*d - 412. Calculate s(-8).
-9
Let f(l) = 4*l**2 + 17*l + 9. Let b(d) = -9*d**2 - 37*d - 19. Let k(o) = 3*b(o) + 7*f(o). Determine k(-6).
-6
Let f(c) = -7*c + 2. Let s be (-1)/(-4)*(-4 - -8)*1. Determine f(s).
-5
Let d(x) be the second derivative of 1/6*x**3 + 0 + 1/20*x**5 - x**2 + 5/12*x**4 + x. Calculate d(-5).
-7
Let t = -3 - -5. Let o(h) = -6*h**2 - h**3 + 28*h**2 - 17*h**2 - 6*h**2 - 2*h + 4*h. Give o(t).
-8
Let d = 63 + -57. Let o(s) = d*s - 9*s + 3 + 4*s. Determine o(-10).
-7
Let w(l) = -l**2 + 4*l + 3. Suppose 5*t = -3*h, 0 = -5*t - 5*h - 4 - 6. Let i be (-18)/27 + 4/6 + t. Give w(i).
6
Let v be 8/(-44) + 42/(-11). Let k(u) = -4*u - 13. Let n be k(-17). Let x(d) = -27 - 27 + n - 5*d - d**2. Calculate x(v).
5
Suppose -6*d = -d + 5*o + 25, 4*d + 2*o + 16 = 0. Let z(x) = -3*x - 3. Let h(i) = 4*i + 4. Let s(w) = -5*h(w) - 7*z(w). Determine s(d).
-2
Let u(p) = p**3 - 2*p**2 - 6*p - 5. Let h = -1212 + 1210. Give u(h).
-9
Let c(z) = z**3 + 5*z**2 + 5*z - 1. Let h be c(-4). Let q be (-3)/h + (-96)/(-15). Let o(a) = a**3 - 7*a**2 - 2*a + 5. Calculate o(q).
-9
Let b = 11 + -6. Let j = 49 - 23. Let q(c) = -6 - c + j - 15 - 7. Give q(b).
-7
Let q(b) = 2*b - 31. Suppose 5*v - 16 = -2*g, 0 = 2*v - 5*v - 6. What is q(g)?
-5
Let p(n) = -25*n**2 + 2*n + 1. Let b(o) = -23*o**2 + 2*o + 1. Let l(g) = 7*b(g) - 6*p(g). Let t be (-3)/(3 + 0 + -2). Let d = 2 + t. Determine l(d).
-12
Let z(c) be the third derivative of -13*c**4/24 - c**3/6 - c**2 + 41. Give z(-2).
25
Let u be ((-55)/(-7) - (-90)/(-105))*-1. Let w(r) = -r + 11. Calculate w(u).
18
Let a be (15 - -1) + 4 + -6. Let x(z) = -4 + 20*z + a - 21*z. What is x(7)?
3
Suppose -305*k = -302*k - 3. Let p(x) = -31*x - 1. Determine p(k).
-32
Let p(m) be the second derivative of 0 - 1/2*m**3 - 11*m + 0*m**2 + 1/4*m**4. Give p(2).
6
Let d(i) be the first derivative of -i**4/4 - 4*i**3 - i**2/2 - 17*i - 122. What is d(-12)?
-5
Let l(d) = -d**2 - 3*d + 6. Suppose -u - 13*u - 70 = 0. Determine l(u).
-4
Let x(g) be the first derivative of -g**5/12 + g**4/24 - 14*g**3/3 - 3. Let k(c) be the third derivative of x(c). Calculate k(1).
-9
Let a be ((-3)/(-9))/((-3)/(-54)). Let j(r) be the first derivative of r**3 + 1/4*r**4 - a + r**2 + 0*r. Give j(-3).
-6
Let v(b) = -b + 7. Suppose -3*y + q = -38, 44 = 5*y - 5*q - 26. Calculate v(y).
-5
Let w(m) be the second derivative of m**6/120 - m**5/12 - m**4/6 + m**3 - 5*m**2/2 - 6*m. Let r(p) be the first derivative of w(p). Determine r(5).
-14
Let s(u) = 2*u**2 - u - 1. Let p be s(4). Suppose -4*y = 81 + p. Let l be 60/y - (-2)/9. Let n(a) = -2*a**2 - 2*a. Give n(l).
-4
Suppose 7*t + 50 - 1 = 0. Let u(m) = m**2 - 45. Give u(t).
4
Suppose -2*l - 15 = l. Let r(s) be the first derivative of -11 + 1/2*s**2 + 2*s. Calculate r(l).
-3
Let r(s) = -7*s**3 - s**2 + s + 1. Let f(y) = -y - 7. Let c be -11 + 3/3 - -4. Let o be f(c). Give r(o).
6
Let t(z) = -z**3 - 15*z**2 + 17*z + 3. Let p be t(-16). Suppose 11 = 2*n - 13. Let v = n + p. Let w(k) = 2*k - 1. Determine w(v).
-3
Let o(v) = 2*v + 30. Let k be o(-14). Let h(j) = -j**3 + j**2 + 2*j. Give h(k).
0
Suppose -5*u + 0*u = -20. Let q = u - -10. Let f(y) = -y**2 + 15*y - 11. Let o be f(q). Let x(t) = -t**3 + 4*t**2 - 5*t + 3. Determine x(o).
-3
Let g(s) = -19*s**2 - 8*s - 18. Let i(y) = 7*y**2 + 3*y + 6. Let v(w) = 4*g(w) + 11*i(w). What is v(2)?
0
Suppose 8 = 2*f - u + 4, 3*u = 4*f - 8. Let k = 0 + 3. Let l(n) = 6*n**f - n**k - 4 - 4 - 3*n + 2. What is l(5)?
4
Let r(i) = -14*i + 1. Let d = -63 + 71. Suppose -v + 7 = -0*v. Let j = v - d. Determine r(j).
15
Suppose 2*q + 1 - 5 = 0. Suppose q*j + 6 - 14 = 0. Let w(i) = -19 + 2*i - j*i + 40 + i**2 - 24. Calculate w(-2).
5
Suppose 28*a = 26*a - 10. Let d(m) be the third derivative of m**7/5040 + m**6/360 + m**5/30 + 2*m**2. Let k(s) be the third derivative of d(s). Give k(a).
-3
Let d be (0 - 1)/((-6)/12). Let a(r) = 29*r + r**d - 7 - 13*r - 12*r. Give a(-6).
5
Let m(t) = t**3 + 27 + 11*t**2 - 4*t - 68 + 22 - 16*t**2 + 23. Let o = -16 + 22. Give m(o).
16
Let o(n) = 2*n**2 - 4*n + 4. Suppose 6*y - 12 = -0. Determine o(y).
4
Let n(a) = -3 + 1 - 15*a**2 + 3*a - 2*a + 14*a**2. Let o be (12/9)/(4/6). Give n(o).
-4
Let m(s) = -1 + 2*s + 0 + 0. Let g(w) = -w + 8. Let u be g(4). Let r be 3/(84/64) - u/14. Determine m(r).
3
Let m(l) = -3*l - 3 + 5*l - l. Let a(f) = f**3 - 10*f**2 + f - 7. Suppose -40 = -6*d + 2*d. Let w be a(d). Calculate m(w).
0
Let i(b) = 2*b**2 + 5*b - 9. Let o(j) = -4. Let g(t) = -i(t) + 3*o(t). Calculate g(-3).
-6
Let h(w) be the third derivative of -w**6/120 + 7*w**5/60 - 5*w**4/24 - w**3/2 - 93*w**2. Calculate h(6).
3
Let r(g) = -g**3 + 3184*g + g**2 - 3*g**2 - 3181*g. What is r(-3)?
0
Suppose 2*p - 2*c = 2, -4*p = -p - 5*c + 7. Let u(r) be the first derivative of -13 - 1/3*r**3 - 4*r + 7/2*r**2. Calculate u(p).
2
Let y = 26 - 17. Suppose -3*d + 2*n = y, 4*d + 2*n = -2*n - 32. Let v(w) = w**3 + 5*w**2 + w. Calculate v(d).
-5
Suppose 5*d = -4*o + 6*o + 7, 2*d = -2*o. Let n(y) = d + 6*y + 8*y - 21*y + 12*y. Determine n(1).
6
Let y(n) = -n**2 + 5*n - 4. Suppose -56 = -0*b - 2*b. Let t = b + -8. Suppose -z - t = -6*z. Calculate y(z).
0
Let n be 15/(-30)*9*-2. Suppose 3*c = -2*m + 4, 0*m = m + 5*c - n. Let a(f) be the first derivative of -4*f**3/3 - f**2/2 - 6. Give a(m).
-3
Let w(o) be the second derivative of -o**4/12 + 3*o**3/2 - o. Suppose 634*c - 42 = 628*c. Determine w(c).
14
Let f(q) be the third derivative of 1/120*q**6 + 1/3*q**3 + 1/20*q**5 + 0 - 5/24*q**4 - 21*q**2 + 0*q. Give f(-5).
-23
Let o(f) = f + 4. Let j be (-6)/(-15)*2310/(-132). Give o(j).
-3
Let r(y) be the first derivative of -3 + 3*y + 1/3*y**3 - y**2. Calculate r(3).
6
Let l(v) = -v - 11. Let y(m) = 2*m - 21. Suppose -3*a - 36 = -2*c + 27, 5*a = 2*c - 73. Let s be (-2)/((-2)/(c/3)). Let i be y(s). Calculate l(i).
-6
Let a(b) = -b**2 - 13*b - 10. Let g be a(-10). Let q(x) = x**2 - 20*x - 3. Give q(g).
-3
Let b(i) be the second derivative of -1/2*i**4 + 1/6*i**3 + 0 - 4*i + 2*i**2 - 1/20*i**5. Let q = -12 - -6. Give b(q).
-2
Let q = -33 + 36. Suppose 4 = d - q*d. Let y(j) = 2*j**3 + 4*j**2 + 2*j. Give y(d).
-4
Suppose -5*v + 4*q + 7 = -26, -3*v - 2*q = -33. Let f(u) = u**2 - 8*u. Determine f(v)